5157901 prime?
True
Is 36253055719 a prime number?
False
Is 115583974303 a prime number?
False
Is 62787162946 prime?
False
Is 582375649 composite?
False
Is 1815538661 a composite number?
False
Is 1278843157 a composite number?
False
Is 1089770483 a composite number?
False
Is 36735349063 prime?
False
Is 188837668181 prime?
False
Is 5924077699 composite?
True
Is 203230603483 a composite number?
True
Is 1118355899 composite?
False
Is 4086617543 a prime number?
True
Is 7963244929 composite?
True
Is 223147601 prime?
False
Is 5136563837 prime?
False
Is 57350961545 composite?
True
Is 4254300569 a prime number?
True
Is 1101761467 prime?
False
Is 6329817101 composite?
True
Is 1564532681 prime?
True
Is 42633215827 composite?
False
Is 664396283 prime?
False
Is 4814353301 a composite number?
True
Is 117996134611 a prime number?
False
Is 81123509 composite?
False
Is 22376978563 a composite number?
False
Is 3587195849 a composite number?
False
Is 18060938409 a prime number?
False
Is 14554335041 composite?
True
Is 56471922071 composite?
False
Is 16874843 a prime number?
True
Is 1418600593 composite?
False
Is 118308100445 prime?
False
Is 706295897 composite?
True
Is 5163677269 prime?
False
Is 755502207 composite?
True
Is 12428158061 prime?
False
Is 299526895 prime?
False
Is 1915733173 composite?
True
Is 11665868597 composite?
True
Is 139115497 prime?
True
Is 1387798033 composite?
True
Is 2768937467 a prime number?
True
Is 2183183309 a prime number?
True
Is 37233030587 prime?
True
Is 120316559 composite?
True
Is 4632347579 prime?
True
Is 58457666699 prime?
True
Is 9891147691 composite?
False
Is 291652607 a prime number?
False
Is 49713997147 a composite number?
False
Is 21193700687 a prime number?
True
Is 91206119 a composite number?
True
Is 2214036917 prime?
True
Is 55903465367 a composite number?
False
Is 2008301979 a composite number?
True
Is 133012813 prime?
True
Is 1334479339 a prime number?
False
Is 1679894023 a composite number?
True
Is 17314916933 composite?
False
Is 11769545741 a prime number?
False
Is 3001074038 prime?
False
Is 6948546647 prime?
False
Is 402823677 prime?
False
Is 11494025717 composite?
False
Is 2542208447 a composite number?
True
Is 31692987778 a composite number?
True
Is 264580003 composite?
False
Is 1089342473 a composite number?
True
Is 18555111583 a composite number?
False
Is 145631119 a prime number?
True
Is 18641302549 composite?
True
Is 22411527113 a composite number?
True
Is 144995189 a prime number?
True
Is 1970020237 a prime number?
True
Is 5725778621 a prime number?
True
Is 56720564761 composite?
True
Is 7473523781 a composite number?
True
Is 3655509173 composite?
True
Is 13714452314 a prime number?
False
Is 1634237419 a composite number?
True
Is 1486249829 a composite number?
False
Is 61738436383 prime?
False
Is 6334658339 a composite number?
False
Is 68612313877 composite?
False
Is 75571768837 composite?
True
Is 876019459 prime?
False
Is 1899819949 prime?
True
Is 437242859 prime?
False
Is 962340441 a composite number?
True
Is 13824078449 a prime number?
True
Is 1711375253 composite?
True
Is 2928146251 prime?
True
Is 2142856363 a prime number?
False
Is 12059428957 a composite number?
True
Is 34613319661 composite?
False
Is 47598622023 composite?
True
Is 11681648071 a composite number?
True
Is 12138416317 prime?
True
Is 82525549 a prime number?
False
Is 511295087 prime?
True
Is 653948221 a composite number?
False
Is 1396545979117 a prime number?
True
Is 3713811791 composite?
True
Is 3997267097 composite?
False
Is 360024577931 prime?
False
Is 88298117 prime?
True
Is 91345417949 a composite number?
True
Is 121868313377 a prime number?
True
Is 61107908461 composite?
False
Is 1527848773 composite?
True
Is 3944549779 composite?
True
Is 3372891961 a composite number?
False
Is 26285227889 composite?
True
Is 993132029 a prime number?
True
Is 1748535557 composite?
False
Is 852060127 a composite number?
True
Is 3329495819 a composite number?
True
Is 3851932439 prime?
True
Is 9250839337 a composite number?
True
Is 9739517033 a prime number?
True
Is 9676506901 a prime number?
True
Is 186420139 a composite number?
True
Is 100666247861 composite?
True
Is 3417966197 prime?
True
Is 700622213 composite?
False
Is 1838230711 prime?
True
Is 63740308771 a prime number?
True
Is 1041458683 a composite number?
False
Is 14223058639 a composite number?
False
Is 3572956789 composite?
True
Is 450609611 composite?
False
Is 6923972383 a prime number?
True
Is 4956493961 composite?
False
Is 87269073887 prime?
True
Is 12985746299 composite?
True
Is 9232484971 composite?
False
Is 7960656013 a prime number?
False
Is 44161960393 a composite number?
True
Is 50421937 prime?
True
Is 9640370881 prime?
True
Is 42290341 a composite number?
False
Is 939183613 a prime number?
False
Is 29700748993 a composite number?
False
Is 19329571361 prime?
True
Is 1068609559 composite?
True
Is 12700709473 a prime number?
False
Is 163798950373 prime?
False
Is 212167666 a composite number?
True
Is 1553968841 a prime number?
True
Is 53582234887 composite?
True
Is 4640617859 a prime number?
True
Is 119472487 a composite number?
False
Is 7941051133 a prime number?
False
Is 146041506359 prime?
False
Is 15497151107 a prime number?
True
Is 3295676507 a composite number?
False
Is 2154029495 a prime number?
False
Is 11784404341 prime?
False
Is 29011448311 composite?
True
Is 839795243 prime?
False
Is 1507075441 a prime number?
True
Is 449782644847 a prime number?
False
Is 12510463603 composite?
True
Is 19317303937 composite?
True
Is 623669503 prime?
True
Is 1113832283 prime?
True
Is 926198101 prime?
False
Is 201185587761 prime?
False
Is 86220846359 a composite number?
True
Is 167387763733 composite?
False
Is 2629164283 a composite number?
False
Is 4279296599 composite?
False
Is 512545601 prime?
False
Is 10666537289 a prime number?
True
Is 2019405107 a prime number?
True
Is 188827658981 a prime number?
False
Is 16290548987 a composite number?
False
Is 5748472727 composite?
True
Is 196955188615 a composite number?
True
Is 13774614187 a composite number?
True
Is 225809758183 composite?
True
Is 171113581 a prime number?
True
Is 33658246499 composite?
False
Is 7151007077 a composite number?
False
Is 415996937 a composite number?
True
Is 22304924777 a composite number?
True
Is 189215329 prime?
True
Is 30170209691 a prime number?
True
Is 2550042203 a prime number?
True
Is 5998103 a prime number?
True
Is 285854761 a prime number?
False
Is 14092908049 a prime number?
False
Is 1659330587 composite?
True
Is 15924237547 prime?
False
Is 68480484407 a prime number?
True
Is 31268536279 a prime number?
True
Is 1041598967 composite?
True
Is 41468845801 prime?
True
Is 26031241339 a composite number?
False
Is 145930105 a composite number?
True
Is 1079941693 a composite number?
True
Is 29058333922 prime?
False
Is 29078412049 prime?
False
Is 3863544107 composite?
True
Is 2057020727 a composite number?
False
Is 40075981721 composite?
True
Is 1700287 composite?
False
Is 15721939153 a composite number?
True
Is 28786236107 composite?
True
Is 2431507451 composite?
False
Is 19030237 a prime number?
False
Is 28998363451 a composite number?
False
Is 273353849 composite?
True
Is 41519240501 composite?
False
Is 6748306687 a composite number?
False
Is 244362571 a composite number?
False
Is 224421839 composite?
False
Is 28363648583 prime?
True
Is 8318459899 a composite number?
True
Is 31095067 a prime number?
True
Is 1491265093 prime?
False
Is 1554936167 a prime number?
True
Is 4487085634 a composite number?
True
Is 28581237943 prime?
False
Is 151485513 composite?
True
Is 1601710647 composite?
True
Is 16865332129 a composite number?
False
Is 3665283563 prime?
True
Is 16372657313 prime?
False
Is 170570089 prime?
False
Is 1138587211 composite?
False
Is 1576728667 a composite number?
True
Is 17019524861 a prime number?
False
Is 24797470973 composite?
True
Is 679191517 composite?
False
Is 19852243507 composite?
False
Is 512501161 a prime number?
True
Is 494153669 composite?
False
Is 901473317 a prime number?
True
Is 12236425949 composite?
True
Is 1152917771 a prime number?
True
Is 191058946561 a composite number?
True
Is 351688573831 a prime number?
False
Is 80176393723 composite?
True
Is 1798879507 composite?
False
Is 10